f - 8. Let v be m(16). Calculate the greatest common factor of 64 and v.
8
Suppose -11*z - 193 = -479. Calculate the highest common factor of 1534 and z.
26
Let d(v) = v**2 + 3*v - 14. Suppose -48 = 7*o + 8. Let m be d(o). What is the highest common divisor of 208 and m?
26
Let x(u) = -u**3 - 4*u**2 + 4*u. Let y be x(-5). Suppose 0 = 3*w + 4*j + 17, w - y*w + 2*j = -14. Calculate the highest common divisor of w and 2.
1
Let k = -98 + 101. Let a be -2 - (-3 - -2) - -4. Calculate the highest common factor of k and a.
3
Let w(y) be the second derivative of y**4/3 - y**3/6 + 9*y**2 + 19*y. Let f be w(0). What is the greatest common divisor of 198 and f?
18
Suppose 0 = -9*u + 11*u + 2. Let y be (-9)/(-6)*(17 + u). Let n be (4/6)/((-2)/(-108)). What is the highest common divisor of n and y?
12
Suppose 125 = 4*y + a, 71 + 31 = 3*y - 2*a. Calculate the highest common factor of 464 and y.
16
Let c = 153 - 78. Let v = 77 - c. Suppose -5*q - 2*y + 45 = 3*y, 3*y = 5*q - 21. What is the greatest common factor of q and v?
2
Let f(g) = -9*g - 10*g - 16*g + 31*g. Let s be f(-2). Suppose 2*o + s = 22. What is the highest common factor of 1 and o?
1
Let s = 576 + -522. Calculate the highest common factor of 297 and s.
27
Let o be 1/3 - 550/30. Let s be (228/o)/(2/(-9)). Let u be (-38)/(-5)*(4 + 1). Calculate the greatest common factor of s and u.
19
Let t = -51 + 56. Suppose 0 = -t*i - m + 47, i - 3*m - m = 1. What is the highest common divisor of 15 and i?
3
Let a(t) = 2*t - 24. Let q be (20/12 - -3)/(2/9). Let p be a(q). What is the highest common divisor of p and 18?
18
Suppose 0 = 18*m - 23*m + 10. Suppose -4*d + m*y + 444 = 154, 3*d - 213 = -3*y. What is the highest common factor of 8 and d?
8
Let i = -56 + 155. Suppose 255 = 3*r + 2*r. Suppose 6 - r = -5*x. Calculate the greatest common factor of x and i.
9
Let k(o) = -o - 104. Let l(g) = -g - 105. Let d(j) = -5*k(j) + 6*l(j). Let n be d(0). Let r = 132 - n. Calculate the highest common factor of 22 and r.
22
Let t be (-16)/(-40) - 43/(-5). Let q be (1 + -5)*54/(-4). Calculate the highest common factor of t and q.
9
Let y(p) = p - 9. Let i be y(12). Suppose i*o = -2*o + 125. What is the highest common divisor of o and 50?
25
Suppose 0 = 15*x - 17*x + 72. Let i be (108/10 - 0)/((-88)/(-220)). What is the greatest common divisor of i and x?
9
Let h be 2595/90 + -5 + 2/12. Suppose q = -2*a - 5 + 14, a + 3*q - 12 = 0. What is the greatest common divisor of h and a?
3
Suppose -5*n + n = -768. Let c = 29 + -25. Suppose 3*b + 5*s - 47 = 0, -3*s + 8*s - 71 = -c*b. What is the highest common factor of b and n?
24
Let y = -1657 + 1705. Calculate the greatest common factor of 60 and y.
12
Let y = 25 + -21. Suppose -2*v + 5*u = -11, 3*v + y*u - 2*u - 26 = 0. What is the greatest common divisor of v and 56?
8
Suppose 0 = -5*z + 3 - 13, -4*z = 2*c - 84. Let b = 65 - c. What is the highest common divisor of 38 and b?
19
Suppose u + 16*u - 34 = 0. Let m = -191 - -489. Suppose b = m - u. What is the highest common factor of b and 37?
37
Let f be 52 + 4 + -8 - 2. What is the greatest common factor of 414 and f?
46
Let c(f) = 3 - 20*f - 3 + f**2 + 13*f. Let i be c(8). Calculate the greatest common factor of i and 72.
8
Suppose 13*m = 10*m + 99. Calculate the highest common divisor of 176 and m.
11
Suppose 10*o - 700 = 180. Suppose 2*p = 3*n - 2*p - 62, -4*n = 4*p - 92. What is the highest common factor of o and n?
22
Let s = 49 + -41. Let r(u) = u**3 - 8*u**2 - 8*u - 8. Suppose -2*i = -5*i + 27. Let j be r(i). Calculate the highest common factor of j and s.
1
Let r(g) = g**3 - 5*g**2 + 4*g - 3. Let a be 8*(1 + (-4)/8). Let m be r(a). Let v be 1182/30 + m/(-5). Calculate the greatest common factor of 16 and v.
8
Let j = 29 + -25. Suppose j*b = 10 + 18. Let m = 5 + b. What is the highest common factor of m and 60?
12
Suppose -8 = -96*z + 92*z. Calculate the greatest common divisor of z and 34.
2
Let f(i) = -i - 6. Suppose 0 = 5*t - 3 + 18, -3 = 3*o - t. Let d be ((-7)/o)/(3/(-6)). Let g be f(d). Calculate the greatest common factor of 4 and g.
1
Let l(q) = -11*q - 3. Let h(z) = 44*z + 13. Let y(d) = -2*h(d) - 9*l(d). Let p be y(1). Calculate the highest common factor of p and 36.
12
Suppose 5*x + 24*x = 1508. Calculate the highest common factor of 1612 and x.
52
Let x = 4807 - 2788. Let j be x/15 + (-6)/(-15). What is the greatest common divisor of 27 and j?
27
Suppose 7*o - 2 = 5*o + 4*y, y - 7 = -2*o. Let b be 1/((-2)/(-28)) - (1 + o). What is the highest common factor of b and 5?
5
Suppose -29 = -5*q + c, 2*q + 5*c = -2*q. Suppose 4*m - 84 = -q*i + 91, -2*m + 68 = -4*i. Suppose 0*t - 60 = -t. What is the highest common factor of t and m?
20
Suppose -8*c + 78 = -6*c. Let x = c + 45. Calculate the greatest common factor of x and 21.
21
Suppose b - 9*b = -352. Let q = -23 + b. Calculate the highest common factor of 63 and q.
21
Let l(z) = -z**3 - 3*z**2 - z - 3. Let s be l(-5). Let k = -16 + s. Suppose t - 2 = 2. Calculate the greatest common factor of k and t.
4
Let n = -120 + 125. Suppose 2*l - l = -n*i + 178, 0 = l - 3. What is the highest common factor of i and 14?
7
Suppose 4*s = -3*z - 23, -14 = 3*z + z - 3*s. Let f(v) = -2*v - 2 - 1 + 4. Let i be f(z). What is the highest common divisor of i and 121?
11
Let a(t) = t**3 + 6*t**2 - 14*t - 38. Let k be a(-7). Calculate the greatest common factor of 187 and k.
11
Let b(v) = 1 + v**2 - 3*v + 8*v - 2*v. Let x be b(-4). Suppose 3*d - x*d + 12 = 0. What is the greatest common divisor of 42 and d?
6
Suppose -3*f + 6 = -f. Suppose x + 5*q = 34, 0 = f*x - q - 3*q - 102. What is the highest common divisor of 85 and x?
17
Let q(x) = -8*x - 16. Let g be q(-3). Suppose 331 = 4*o + 107. What is the highest common divisor of o and g?
8
Let g(s) = -72*s + 324. Let k be g(4). Suppose 0*j - 36 = -2*j. Calculate the highest common factor of k and j.
18
Let l(r) = r - 38 - 2*r - 63 + 3*r**2 - 2*r**2 + r**3. Let n be l(0). Let y = 141 + n. Calculate the highest common divisor of y and 10.
10
Let x = 1 + 1. Suppose -2*q - 3*f + 7 = 6, -2*q - 5*f = 1. Calculate the highest common divisor of x and q.
2
Suppose 3*y + 17 - 2 = 0, -y - 115 = -n. Let d = -278 - -288. Calculate the highest common divisor of n and d.
10
Suppose -3*t + 0*t + 135 = 0. Suppose 5 = -g - 34. Let n = 57 + g. What is the greatest common divisor of t and n?
9
Let c(s) = 18*s + 56. Let l be c(12). Calculate the highest common factor of 17 and l.
17
Let y be 6/9 + 43*(-8)/(-24). What is the highest common factor of y and 115?
5
Let h(f) = -33*f. Let n be h(-3). Let c(q) = q**2 + 19*q + 11. Let x be -15 - 1 - (4 + 3 + -4). Let v be c(x). What is the highest common divisor of v and n?
11
Let m be (-3)/(-12) + (-3)/12 + 2. Suppose 0 = -m*z + 45 + 25. Calculate the highest common divisor of z and 14.
7
Let y be (2 + (-9)/6)*8. Suppose 5*d + h = 1, 3*h - 7 + y = 2*d. Suppose d = z - 0*n - 4*n - 3, -z + 7 = -2*n. Calculate the highest common divisor of 55 and z.
11
Let q be (-7 - -3 - -4) + -29. Let m = -15 - q. Let j = -5 - -19. Calculate the greatest common factor of m and j.
14
Let v(g) = -g**3 + 29*g**2 + 6*g - 54. Let d be v(29). What is the highest common divisor of 75 and d?
15
Suppose 613 = 11*t - 872. What is the greatest common factor of t and 120?
15
Suppose -16*t = 27*t - 20468. What is the highest common divisor of 204 and t?
68
Suppose 0*a = -a - 21. Let j = a - -20. Let v be j/(-3) + (-248)/(-12). Calculate the greatest common factor of 63 and v.
21
Let z be 2/1*(-12)/(-8). Suppose 2*c + 5 = 3*q - 0*c, z*c = -5*q + 21. Suppose x = 5*x - 12. What is the highest common factor of q and x?
3
Let x(r) = -3*r**2 - 11*r + 2. Let i(c) = 4*c**2 + 11*c - 1. Let l(a) = 5*i(a) + 6*x(a). Let w be l(11). What is the highest common divisor of w and 16?
16
Let c = 1 - -13. Let h = -10 + c. Suppose 0 = h*l - 382 - 258. Calculate the highest common divisor of l and 16.
16
Let c be (-1 - -6)/((-145)/(-2262)). Let f(p) = -98*p - 1. Let n be f(-2). What is the greatest common factor of n and c?
39
Suppose 0 = -0*z - 3*z + 126. Calculate the greatest common factor of 672 and z.
42
Suppose -5*a + 38 = 4*g + 9, -a = 2*g - 1. Let i = -5 + 23. What is the highest common divisor of a and i?
9
Suppose 59*d = 7*d + 1404. Calculate the greate